3*u + 3. Let w be 5/(8/9 + u). Let k = -29 - w. List the prime factors of k.
2
Suppose 10 - 30 = -2*n. What are the prime factors of n?
2, 5
Let l be 4/(-10) + 34/10. Suppose l*z - z - 10 = 0. Suppose -z*y = -4 - 21. List the prime factors of y.
5
Let c = -72 - -207. List the prime factors of c.
3, 5
Let b = -24 + 6. What are the prime factors of (-178)/(-9) + (-4)/b?
2, 5
Let t be (-1)/(-3 - 426/(-141)). Let i = -16 - t. Let x = -16 + i. List the prime factors of x.
3, 5
Suppose -4*o + 5*c + 35 = 0, 2*o - 7 - 15 = 4*c. Suppose o*m = 9*m - 92. List the prime factors of m.
23
Suppose v = -3*v + 4*h + 224, 0 = -5*v - 2*h + 280. Suppose 14 = n - 3*z, z + 0*z = -4*n + v. List the prime factors of n.
2, 7
Suppose 0 = 5*h - 75 - 25. List the prime factors of ((-8)/h)/((-2)/10).
2
Suppose -z - 52 = -5*z. Suppose -z*a + 15*a = 58. List the prime factors of a.
29
Suppose -h + 0*m = -m - 8, -5*h - 5*m + 40 = 0. Suppose h*x = 4*x + 4. Suppose -x = a - 3. What are the prime factors of a?
2
Let j(f) = 2*f**2 + 5*f. Let u be j(-4). Suppose -3*g + u = 36. Let i(d) = -d**3 - 7*d**2 + 8*d + 8. List the prime factors of i(g).
2
Let z(t) = 18*t**3 + t**2 - t + 1. Let p be (-18)/(-12) + (-1)/2. List the prime factors of z(p).
19
Let i be ((-4)/2 + 1)*-10. Let r = i - -5. What are the prime factors of r?
3, 5
Let m(r) = r**2 + 6*r. Let l(j) = -j - 1. Let f(p) = 2*l(p) + m(p). Let u be f(-4). List the prime factors of u/((-2)/(-3)) + 16.
13
Let p(w) = 112*w - 9. List the prime factors of p(1).
103
Suppose 5*r - 4 = 196. List the prime factors of r.
2, 5
Let q be 1/(-2)*9*-2. Suppose 3*a = -2*v + 4*a + 11, -3*v = -3*a - q. Let y = -1 + v. What are the prime factors of y?
7
Let o be (225/(-12))/(4/(-16)). Let g = o + -34. List the prime factors of g.
41
Let n(t) = 18*t**2 + t + 1. List the prime factors of n(-1).
2, 3
Let p be (1 - (2 - 2))*-16. Let h = -4 - -4. What are the prime factors of 3 + h + -2 - p?
17
Let w be (0 + 2)/((-2)/(-10)). Let j(y) = y**3 - 11*y**2 + 12*y - 12. Let x be j(w). Suppose -2*v + 2*i + 4 = 0, 0 = i - 3*i + x. List the prime factors of v.
2, 3
Let v = -68 - -44. What are the prime factors of 4 + -3 + 0 - v?
5
Let z be (-3 + (-33)/(-6))*2. Suppose -z*w + 138 - 33 = 0. List the prime factors of w.
3, 7
Let d(r) = 2*r**2 + 14*r + 6. List the prime factors of d(-10).
2, 3, 11
Suppose -3*c + 2*m + 2*m + 8 = 0, 0 = 4*c + 3*m + 6. Let s(f) = -3*f - 4 + 2*f + 0*f + c*f. What are the prime factors of s(-6)?
2
Let d = 11 - 9. Suppose -4*a - 65 = -5*y, -2*a = y - d*y + 7. List the prime factors of y.
17
Suppose -20 = -5*y + 2*j, -6*j = -3*y - 4*j + 12. Suppose 3*g + 16 = y*g. Suppose -g + 4 = -3*h. What are the prime factors of h?
2
Suppose -3*l = a - 3*a - 286, -5*l + 479 = -a. List the prime factors of l.
2, 3
Let a(j) = -2*j**3 - 5*j**2 - 4*j. Suppose 0 = 2*d - 5*h - 3 + 4, 4*d + 9 = 3*h. Let c be a(d). Let r = 32 - c. List the prime factors of r.
11
Suppose 3*a - 78 = -3*a. Let y = a + 5. List the prime factors of y.
2, 3
List the prime factors of (4 - (3 - 2)) + 0.
3
Suppose -5*w + 45 = x - 1, -w + 3*x + 6 = 0. What are the prime factors of w?
3
Suppose 0 = -r + 2*r - 5. Suppose r*b = -4*w + 2*b - 10, w - 2*b + 8 = 0. Let p = -2 - w. List the prime factors of p.
2
Let v = 3 + 5. Suppose v*p - 3*p = 85. What are the prime factors of p?
17
Suppose -3*f = -f, -2*m - 3*f + 224 = 0. Suppose 0 = z + 5, w + 2*z + m = 3*w. What are the prime factors of w?
3, 17
Let h(a) = a**2 + 8*a + 2. Let b be h(-8). Suppose 4*x - b*x - 102 = 0. Suppose 0 = 2*p + p - x. List the prime factors of p.
17
Let t(v) = -v + 1. List the prime factors of t(-9).
2, 5
What are the prime factors of (4 - (4 + 2)) + 39?
37
Suppose 0 = -n - 5*w - 4, -n - 5*w = -5*n + 34. Let d = n - 4. List the prime factors of d.
2
Let l = -222 - -427. What are the prime factors of l?
5, 41
Suppose 0*p - 5*p = 75. List the prime factors of p/10*16/(-6).
2
Suppose -19 + 63 = 2*v. Let w = v - 14. What are the prime factors of w?
2
Let v = 8 + -12. Let d = v + 6. List the prime factors of (24/2)/(-1 + d).
2, 3
Let f be 5/(30/(-4))*-3. Suppose -f = -0*t - t. What are the prime factors of t?
2
Let c(t) be the third derivative of t**6/60 + t**5/60 - t**3/6 + 3*t**2. Let p be 1 - (1 - -1) - -2. What are the prime factors of c(p)?
2
Suppose 39 = 2*t + w, 3*t - 3*w = -2*w + 51. List the prime factors of t.
2, 3
Suppose 5*d + 4*t = -0*t + 28, 23 = d - 5*t. Suppose -2*n = -5*n + 4*a + 44, 0 = 4*a + d. What are the prime factors of n?
2, 3
Let t(a) = -a**3 - 12*a**2 - 11*a + 4. Let g be t(-11). Suppose -d + g*d = 126. List the prime factors of d.
2, 3, 7
Suppose 5*v = -2*p - 2*p + 109, -2*p = 5*v - 107. What are the prime factors of v?
3, 7
Let p(d) = d**3 + 4*d**2 + 3*d + 3. Let m(l) = l + 2. Let q be m(-5). List the prime factors of p(q).
3
Let p = 5 + -6. Let b(f) = -9*f. What are the prime factors of b(p)?
3
Let y(l) = -l - 6. Let m be y(-6). Suppose 16 = 2*x - m. What are the prime factors of x?
2
Let j(x) = 2*x**2 + x. Let u be j(1). Let v = 2 + u. List the prime factors of v.
5
Suppose 16 = -5*p + 41. Suppose p - 3 = -m. What are the prime factors of (m/2)/(1/(-6))?
2, 3
List the prime factors of (0 + (-2)/2)*-43*1.
43
Let n = 38 - 16. List the prime factors of n.
2, 11
Let s(v) = 3*v**2 + v. Let x be s(-1). What are the prime factors of (-6 - -18)*1/x?
2, 3
Let l = 105 - 21. What are the prime factors of l?
2, 3, 7
Let v = 20 + -17. What are the prime factors of v?
3
Let a(p) = -p + 1. Let y be a(1). Suppose 2*g - 10 = -y*g. List the prime factors of g.
5
Let g be (-1)/3 - (-84)/9. Let s = g + 8. What are the prime factors of s?
17
Let p(y) = y**3 + y - 2. Let r be p(0). Let q = -2 + r. What are the prime factors of (q/(-5))/((-6)/(-30))?
2
What are the prime factors of ((-22)/4)/(4/(-8))?
11
Suppose 7*v - 3*v - 16 = 0. Let k be ((-5)/4)/((-2)/8). Suppose -k*q + 35 = -5*y, v*q = 5*y + 35 - 5. List the prime factors of q.
5
Suppose -4*n - 172 = -5*t, t + 3*n - 22 = 20. List the prime factors of t.
2, 3
Suppose 4*i - 3*i - 29 = 0. List the prime factors of i.
29
Let k(f) = -5*f + 3. Let w be k(-3). Suppose -w = -d + 5*x, 12 = 2*d + 5*x - 9. What are the prime factors of d?
13
Let w(i) = -i**2 + 5*i + 5. Suppose -2*m - 3 = -13. Let g be w(m). Suppose -8*u + p + 12 = -3*u, u - g*p = 12. What are the prime factors of u?
2
Let f(n) = n**2 + n - 6. Let u be f(3). Suppose 3*r + 162 = u*r. List the prime factors of r.
2, 3
Suppose 8*v = 3*v + 10. Suppose 0*t = -v*t - 6. What are the prime factors of 2 + 3/(t/(-4))?
2, 3
Suppose 4*x - 2*x - 8 = 0. Let a(r) = r**3 - 3*r**2 - 6*r + 5. Let k be a(x). What are the prime factors of ((-44)/12)/(1/k)?
11
Suppose 7*k - 32 = 129. What are the prime factors of k?
23
Let k = 437 - 158. What are the prime factors of k?
3, 31
Let s(j) = 6*j + 4. What are the prime factors of s(2)?
2
Let w(t) = t**3 + 7*t**2 + 8*t + 3. Let h be w(-5). Suppose 5*a = h + 17. What are the prime factors of a?
2, 3
Let k(v) be the third derivative of -v**6/120 + v**5/12 + 7*v**4/24 + 5*v**3/6 + v**2. Let z(x) = x + 4. Let a be z(2). What are the prime factors of k(a)?
11
Suppose 40 = 5*l + 7*m - 3*m, -2*l = 4*m - 16. Let q = l + -16. Let r = 3 - q. List the prime factors of r.
11
Let t(z) = -z + 6. Let r(k) = -k**2 + 7*k + 1. Let q be r(6). Let h = -3 + q. What are the prime factors of t(h)?
2
Let k = -8 + -3. Let c = 23 + k. List the prime factors of c.
2, 3
Let h(u) = -u + 9. Suppose 7*a = 4*a. What are the prime factors of h(a)?
3
Let o = 27 + 26. What are the prime factors of o?
53
Suppose 0 = 3*v + g - 6*g + 2, 5*v = -4*g + 46. Let j(s) = s**3 - 7*s**2 + 8*s - 1. List the prime factors of j(v).
11
Let y = -6 - -20. Suppose -4*o - 3*l = -l - y, -3*l = 9. Suppose o*t + 6 = 21. What are the prime factors of t?
3
Suppose -6*a + 301 - 49 = 0. List the prime factors of a.
2, 3, 7
Suppose 8 = -2*j + 4*m, j = 2*j - 5*m + 7. Let k = 0 - j. Suppose -27 = -3*u - 3*x, 29 = 3*u + 3*x - k*x. List the prime factors of u.
2, 5
Suppose 0 = -3*l + 5*a + 24, -3*l + 8*l - 2*a - 40 = 0. Let r be (6/l)/(1/8). Let g = r - 4. What are the prime factors of g?
2
Let d = 110 + -47. What are the prime factors of d?
3, 7
Suppose 5*x + 0*b - 2*b - 416 = 0, 5*x - 413 = b. Suppose -x = -2*d + 6. What are the prime fac